{"id":2,"date":"2022-08-03T11:43:18","date_gmt":"2022-08-03T11:43:18","guid":{"rendered":"https:\/\/ekosistem.sosyalgirisimcilikagi.org\/?page_id=2"},"modified":"2024-01-22T07:28:26","modified_gmt":"2024-01-22T07:28:26","slug":"metodoloji","status":"publish","type":"page","link":"https:\/\/ekosistem.sosyalgirisimcilikagi.org\/?page_id=2","title":{"rendered":"Metodoloji"},"content":{"rendered":"\r\n<p class=\"has-text-align-left\">Sosyal Giri\u015fimcilik Ekosistemi Haritas\u0131, T\u00fcrkiye&#8217;de sosyal giri\u015fimcilik ekosisteminde yer alan \u00f6nemli akt\u00f6rleri i\u015flevlerine g\u00f6re s\u0131n\u0131fland\u0131ran ve g\u00f6rselle\u015ftiren bir haritad\u0131r. TSGA taraf\u0131ndan d\u00fczenli olarak g\u00fcncellenecek haritada, halihaz\u0131rda 1505 sosyal giri\u015fim ve 345 ekosistem akt\u00f6r\u00fc listelenmektedir.<br \/><br \/>Haritan\u0131n iki ana bile\u015feni vard\u0131r. Bile\u015fenlerden biri, giri\u015fimler, dernek ve vak\u0131flar\u0131n ticari kollar\u0131, \u015firketler, kooperatifler ve hibrit formlar dahil olmak \u00fczere geni\u015f bir yelpazedeki kurulu\u015flar\u0131 i\u00e7eren <strong>sosyal giri\u015fim katalo\u011fu<\/strong>dur. Di\u011fer bile\u015fen ise kulu\u00e7ka merkezleri, a\u011flar, platformlar gibi kurulu\u015flar\u0131n veya belediyeler, \u00fcniversite merkezleri ve benzeri <strong>destek kurulu\u015flar\u0131<\/strong>na odaklanan <strong>ekosistem akt\u00f6rleri haritas\u0131<\/strong>.<\/p>\r\n\r\n\r\n\r\n<p>Veriler masa ba\u015f\u0131 ara\u015ft\u0131rmas\u0131, telefon ve e-posta sorgular\u0131 ve yerel dan\u0131\u015fma ve haritalama \u00e7al\u0131\u015ftaylar\u0131 arac\u0131l\u0131\u011f\u0131yla toplanm\u0131\u015ft\u0131r.<\/p>\r\n\r\n\r\n\r\n<p>Haritada yer alan verilerin g\u00fcncellenmesi, a\u015fa\u011f\u0131da linkleri verilen formlar arac\u0131l\u0131\u011f\u0131yla TSGA&#8217;ya gelen bilgilerin kontrol edilmesi yoluyla ger\u00e7ekle\u015ftirilecektir.<\/p>\r\n\r\n\r\n<hr class=\"wp-block-separator has-alpha-channel-opacity\" \/>\r\n\r\n\r\n<div class=\"wp-block-group is-layout-constrained wp-block-group-is-layout-constrained\">\r\n<p><strong>ekosistem akt\u00f6rleri<\/strong> haritas\u0131 <strong>D\u00dcZELTME<\/strong> formu i\u00e7in <a href=\"https:\/\/airtable.com\/appAIL54aCrN5Us9m\/shrWSqkzyYTfsQZs6\">t\u0131klay\u0131n\u0131z<\/a><\/p>\r\n\r\n\r\n\r\n<p><strong>ekosistem akt\u00f6rleri<\/strong> haritas\u0131 <strong>YEN\u0130 B\u0130LG\u0130<\/strong> G\u0130R\u0130\u015e\u0130 formu i\u00e7in <a href=\"https:\/\/airtable.com\/appAIL54aCrN5Us9m\/shr29R90s1JHgc7po\">t\u0131klay\u0131n\u0131z<\/a><\/p>\r\n\r\n\r\n\r\n<p><strong>sosyal giri\u015fim<\/strong> katalogu <strong>D\u00dcZELTME<\/strong> formu i\u00e7in <a href=\"https:\/\/airtable.com\/appAIL54aCrN5Us9m\/shrxFVyvjYzaTQGD6\">t\u0131klay\u0131n\u0131z<\/a><\/p>\r\n\r\n\r\n\r\n<p><strong>sosyal giri\u015fim<\/strong> katalogu <strong>YEN\u0130 B\u0130LG\u0130 G\u0130R\u0130\u015e\u0130 <\/strong>formu i\u00e7in <a href=\"https:\/\/airtable.com\/appAIL54aCrN5Us9m\/shrrD0uVf9L5hraCa\">t\u0131klay\u0131n\u0131z<\/a><\/p>\r\n<\/div>\r\n\r\n\r\n<hr class=\"wp-block-separator has-alpha-channel-opacity\" \/>","protected":false},"excerpt":{"rendered":"<p>Sosyal Giri\u015fimcilik Ekosistemi Haritas\u0131, T\u00fcrkiye&#8217;de sosyal giri\u015fimcilik ekosisteminde yer alan \u00f6nemli akt\u00f6rleri i\u015flevlerine g\u00f6re s\u0131n\u0131fland\u0131ran ve g\u00f6rselle\u015ftiren bir haritad\u0131r. TSGA taraf\u0131ndan d\u00fczenli olarak g\u00fcncellenecek haritada, halihaz\u0131rda 1505 sosyal giri\u015fim ve 345 ekosistem akt\u00f6r\u00fc listelenmektedir. Haritan\u0131n iki ana bile\u015feni vard\u0131r. Bile\u015fenlerden biri, giri\u015fimler, dernek ve vak\u0131flar\u0131n ticari kollar\u0131, \u015firketler, kooperatifler ve hibrit formlar dahil olmak \u00fczere [&hellip;]<\/p>\n","protected":false},"author":1,"featured_media":0,"parent":0,"menu_order":0,"comment_status":"closed","ping_status":"closed","template":"","meta":{"footnotes":""},"class_list":["post-2","page","type-page","status-publish","hentry"],"_links":{"self":[{"href":"https:\/\/ekosistem.sosyalgirisimcilikagi.org\/index.php?rest_route=\/wp\/v2\/pages\/2","targetHints":{"allow":["GET"]}}],"collection":[{"href":"https:\/\/ekosistem.sosyalgirisimcilikagi.org\/index.php?rest_route=\/wp\/v2\/pages"}],"about":[{"href":"https:\/\/ekosistem.sosyalgirisimcilikagi.org\/index.php?rest_route=\/wp\/v2\/types\/page"}],"author":[{"embeddable":true,"href":"https:\/\/ekosistem.sosyalgirisimcilikagi.org\/index.php?rest_route=\/wp\/v2\/users\/1"}],"replies":[{"embeddable":true,"href":"https:\/\/ekosistem.sosyalgirisimcilikagi.org\/index.php?rest_route=%2Fwp%2Fv2%2Fcomments&post=2"}],"version-history":[{"count":8,"href":"https:\/\/ekosistem.sosyalgirisimcilikagi.org\/index.php?rest_route=\/wp\/v2\/pages\/2\/revisions"}],"predecessor-version":[{"id":73,"href":"https:\/\/ekosistem.sosyalgirisimcilikagi.org\/index.php?rest_route=\/wp\/v2\/pages\/2\/revisions\/73"}],"wp:attachment":[{"href":"https:\/\/ekosistem.sosyalgirisimcilikagi.org\/index.php?rest_route=%2Fwp%2Fv2%2Fmedia&parent=2"}],"curies":[{"name":"wp","href":"https:\/\/api.w.org\/{rel}","templated":true}]}}